 factors of 6100706.
2, 157, 19429
List the prime factors of 741829.
11, 17, 3967
List the prime factors of 643492.
2, 19, 8467
List the prime factors of 709468.
2, 193, 919
What are the prime factors of 744079?
7, 106297
What are the prime factors of 836371?
61, 13711
What are the prime factors of 1199291?
41, 29251
What are the prime factors of 60962?
2, 11, 17, 163
List the prime factors of 26111852.
2, 13, 19, 107
What are the prime factors of 465788?
2, 116447
List the prime factors of 446629.
29, 15401
What are the prime factors of 1666902?
2, 3, 23, 47, 257
List the prime factors of 25141.
31, 811
List the prime factors of 349240.
2, 5, 8731
List the prime factors of 12121419.
3, 4040473
What are the prime factors of 7251104?
2, 7, 32371
What are the prime factors of 294670?
2, 5, 79, 373
What are the prime factors of 167699?
7, 23957
What are the prime factors of 7290835?
5, 1458167
List the prime factors of 257751.
3, 13, 2203
List the prime factors of 149872.
2, 17, 19, 29
List the prime factors of 2450811.
3, 11, 23, 3229
List the prime factors of 154660.
2, 5, 11, 19, 37
List the prime factors of 2331824.
2, 11, 13249
List the prime factors of 1104898.
2, 17, 32497
What are the prime factors of 1617081?
3, 41, 13147
What are the prime factors of 11632722?
2, 3, 1938787
List the prime factors of 1013960.
2, 5, 25349
List the prime factors of 16229.
16229
What are the prime factors of 32139?
3, 3571
What are the prime factors of 511210?
2, 5, 7, 67, 109
List the prime factors of 2078671.
7, 23, 12911
What are the prime factors of 5704998?
2, 3, 13, 73141
List the prime factors of 2548380.
2, 3, 5, 42473
What are the prime factors of 15665377?
7, 13, 172147
What are the prime factors of 4909553?
11, 446323
List the prime factors of 27540.
2, 3, 5, 17
List the prime factors of 19401673.
23, 71, 109
What are the prime factors of 121286?
2, 11, 37, 149
What are the prime factors of 381796?
2, 31, 3079
List the prime factors of 1202372.
2, 300593
What are the prime factors of 737971?
13, 56767
List the prime factors of 2031360.
2, 3, 5, 23
List the prime factors of 163810.
2, 5, 16381
List the prime factors of 4885747.
281, 17387
List the prime factors of 8525410.
2, 5, 23, 101, 367
List the prime factors of 165969.
3, 683
What are the prime factors of 26309?
26309
What are the prime factors of 2403309?
3, 801103
List the prime factors of 1423766.
2, 41, 97, 179
What are the prime factors of 7944812?
2, 19, 104537
List the prime factors of 6000642.
2, 3, 12347
List the prime factors of 23714235.
3, 5, 17, 10333
List the prime factors of 49575.
3, 5, 661
List the prime factors of 701006.
2, 350503
List the prime factors of 349133.
349133
What are the prime factors of 185951?
185951
List the prime factors of 15773.
15773
What are the prime factors of 41644?
2, 29, 359
What are the prime factors of 208284?
2, 3, 17, 1021
List the prime factors of 180378.
2, 3, 11, 911
List the prime factors of 6879.
3, 2293
What are the prime factors of 227263?
23, 41, 241
List the prime factors of 17075218.
2, 67, 79, 1613
List the prime factors of 2235782.
2, 31, 36061
List the prime factors of 58493.
29, 2017
What are the prime factors of 839039?
59, 14221
What are the prime factors of 4777214?
2, 13, 43, 4273
What are the prime factors of 2648013?
3, 23, 38377
List the prime factors of 2275741.
13, 31, 5647
List the prime factors of 8031850.
2, 5, 160637
List the prime factors of 2367480.
2, 3, 5, 109, 181
List the prime factors of 652535.
5, 13, 10039
List the prime factors of 4279177.
7, 227, 2693
List the prime factors of 15116171.
7, 2159453
List the prime factors of 323463.
3, 7, 73, 211
List the prime factors of 4389712.
2, 274357
What are the prime factors of 37320344?
2, 541, 8623
What are the prime factors of 3331705?
5, 13, 51257
What are the prime factors of 1790506?
2, 895253
What are the prime factors of 2639422?
2, 1319711
What are the prime factors of 508245?
3, 5, 31, 1093
What are the prime factors of 372537?
3, 11, 53, 71
List the prime factors of 68482.
2, 97, 353
List the prime factors of 2742966.
2, 3, 97, 1571
What are the prime factors of 18838189?
67, 281167
What are the prime factors of 11713142?
2, 7, 73, 157
List the prime factors of 862047.
3, 95783
What are the prime factors of 21422504?
2, 101, 26513
List the prime factors of 8774356.
2, 29, 75641
What are the prime factors of 4779153?
3, 531017
List the prime factors of 494950.
2, 5, 19, 521
List the prime factors of 3668404.
2, 917101
List the prime factors of 32297.
32297
List the prime factors of 5731697.
47, 121951
What are the prime factors of 5339717?
17, 41, 47, 163
What are the prime factors of 337438?
2, 168719
What are the prime factors of 330952?
2, 41, 1009
List the prime factors of 18716181.
3, 11, 23, 24659
What are the prime factors of 4727097?
3, 31, 16943
What are the prime factors of 3384360?
2, 3, 5, 7, 17, 79
List the prime factors of 31987948.
2, 17, 470411
List the prime factors of 2514045.
3, 5, 17, 9859
What are the prime factors of 3863599?
419, 9221
What are the prime factors of 323933?
323933
What are the prime factors of 11423663?
23, 496681
List the prime factors of 81586.
2, 19, 113
List the prime factors of 10305506.
2, 5152753
List the prime factors of 19750549.
7, 13, 17, 751
What are the prime factors of 524645?
5, 11, 9539
List the prime factors of 1331745.
3, 5, 47, 1889
What are the prime factors of 3433621?
727, 4723
List the prime factors of 20050104.
2, 3, 835421
List the prime factors of 321458.
2, 97, 1657
List the prime factors of 9405270.
2, 3, 5, 7, 14929
What are the prime factors of 27568480?
2, 5, 53, 3251
List the prime factors of 14719295.
5, 2943859
List the prime factors of 36750217.
7, 173, 30347
List the prime factors of 8529946.
2, 79, 53987
What are the prime factors of 2029466?
2, 19, 53407
What are the prime factors of 9437841?
3, 7, 21401
What are the prime factors of 1026392?
2, 17, 7547
What are the prime factors of 8639557?
1433, 6029
List the prime factors of 5175808.
2, 11, 919
List the prime factors of 17710562.
2, 8855281
List the prime factors of 463156.
2, 89, 1301
What are the prime factors of 123660?
2, 3, 5, 229
List the prime factors of 2619848.
2, 7, 11, 4253
List the prime factors of 5431457.
859, 6323
What are the prime factors of 9122414?
2, 7, 29, 22469
List the prime factors of 357338.
2, 29, 61, 101
List the prime factors of 114148.
2, 28537
List the prime factors of 29807548.
2, 211, 35317
What are the prime factors of 41778?
2, 3, 11, 211
List the prime factors of 152596.
2, 38149
What are the prime factors of 7787231?
31, 251201
What are the prime factors of 19635?
3, 5, 7, 11, 17
List the prime factors of 17710072.
2, 2213759
What are the prime factors of 75862?
2, 83, 457
What are the prime factors of 28841857?
11, 2621987
What are the prime factors of 878119?
11, 79829
List the prime factors of 19552425.
3, 5, 19, 13721
What are the prime factors of 774553?
13, 59581
List the prime factors of 90496.
2, 7, 101
List the prime factors of 208680.
2, 3, 5, 37, 47
What are the prime factors of 9919376?
2, 41, 15121
List the prime factors of 628780.
2, 5, 149, 211
List the prime factors of 24087291.
3, 8029097
What are the prime factors of 753006?
2, 3, 41, 3061
What are the prime factors of 21276168?
2, 3, 31, 28597
List the prime factors of 194560.
2, 5, 19
List the prime factors of 76282.
2, 43, 887
What are the prime factors of 21974493?
3, 7324831
What are the prime factors of 8329965?
3, 5, 7, 79333
List the prime factors of 2933373.
3, 977791
What are the prime factors of 1120046?
2, 560023
List the prime factors of 670059.
3, 13, 23, 83
What are the prime factors of 923122?
2, 461561
List the prime factors of 1982742.
2, 3, 47, 79, 89
What are the prime factors of 14539645?
5, 2907929
What are the prime factors of 2393573?
7, 13, 29, 907
List the prime factors of 1331688.
2, 3, 55487
List the prime factors of 2962976.
2, 92593
What are the prime factors of 17181608?
2, 337, 6373
List the prime factors of 3746786.
2, 83, 22571
What are the prime factors of 653190?
2, 3, 5, 21773
List the prime factors of 378738.
2, 3, 53, 397
List the prime factors of 223399.
11, 23, 883
What are the p